). What is the remainder when 62 is divided by -21*((-2 - -4) + 3*j)?
20
Let i = -57 + 98. Suppose -4*a = -s - 69, s - i = -2*a - 8. Let t(b) = b**3 + 4*b**2 - 3*b - 2. Calculate the remainder when a is divided by t(-4).
7
Let s = -25 + 59. Let p(v) = 0*v - 3*v - 5 - 7. Calculate the remainder when s is divided by p(-10).
16
Let q(m) = -2*m. Let s be q(-2). Suppose -3*o + 22 = x, 3*o = -s*x - 0*x + 106. What is the remainder when 82 is divided by x?
26
Calculate the remainder when 70 is divided by (2 - -48) + 1 + 0 + -4.
23
Let w(n) = -n + 2. Suppose -5*d + 0*d = 65. What is the remainder when 24 is divided by w(d)?
9
Suppose 77*s - 65*s = 3288. Calculate the remainder when s is divided by 133.
8
Let j(z) = -z**2 + 12*z - 4. Let u = 17 - 7. Calculate the remainder when 77 is divided by j(u).
13
Let p(f) = f**3 - 8*f**2 + 2*f + 10. Let h = 18 - -19. What is the remainder when h is divided by p(0)?
7
Let k = 84 - 38. Suppose 2*h - k = -0*d - 2*d, 0 = 4*d - 3*h - 64. What is the remainder when d is divided by 7?
5
Suppose -3*a = d + d - 3, d - 2*a = 5. Suppose 0 = 2*x - 3*x - 4*l + 21, -4*l + 1 = -3*x. Suppose -d*z + x = 2*z. What is the remainder when z is divided by 1?
0
Suppose 5*v + z - 4*z = 379, -5*z - 144 = -2*v. Calculate the remainder when v is divided by 26.
25
Let t = -212 - -232. What is the remainder when 57 is divided by t?
17
Suppose 0*k - 5*k + 55 = 0. Let g = -7413 - -7415. Calculate the remainder when k is divided by g.
1
Suppose -12*q - 67 = -17*q + 3*r, 3*q + 2*r - 25 = 0. Calculate the remainder when q is divided by 3.
2
Let i(d) = -d**3 - 6*d**2 + 5*d - 11. Let x be i(-7). Calculate the remainder when 41 is divided by 12 + x + -1 + -3.
8
Suppose -4*i = -17 - 91. Suppose 3*v = -3*a + i, -3*v - 26 = -2*a - 7*v. Suppose 3*p = k - 38, -a*p = -p - 16. Calculate the remainder when k is divided by 13.
11
Suppose -3*f + 7*f - 20 = 0. Suppose -3*o = 2*d + 8, 0 = 5*d + 5*o - 8 + 28. Let c = d + 7. What is the remainder when f is divided by c?
2
Suppose -37*n = -39*n, 0 = 5*i + 4*n - 170. What is the remainder when 59 is divided by i?
25
Calculate the remainder when (-6)/(-3)*(8295/(-10))/(-7) is divided by 81.
75
Suppose 2*m = -4*c + 16, m - c - 2 = -0*c. Suppose -2*d + m = -8. What is the remainder when 16 is divided by d?
4
Suppose -18 = -2*r + z, -2*r + z = 2*r - 34. Let d(f) = 3*f - 7. What is the remainder when 10/50 - 334/(-5) is divided by d(r)?
16
Let f = 5 - -12. Let d = 9 + -2. What is the remainder when f is divided by d?
3
Suppose -90 = -2*h + 3*o - 0, 2*h - 2*o - 88 = 0. What is the remainder when 251 is divided by h?
41
Let a = 578 + -569. What is the remainder when 25 is divided by a?
7
Suppose 362 = 3*a - 4*z, -4*a + 483 = -0*a - 5*z. Suppose 3*r + 361 = 5*k, -4*r - a - 28 = -2*k. Calculate the remainder when k is divided by 19.
14
Suppose 2*q - 11*b + 9*b - 340 = 0, -3*q + 5*b + 512 = 0. Calculate the remainder when q is divided by 57.
55
Let o be (216/(-45))/((-6)/(-45)). Let s = o + 40. What is the remainder when s is divided by 4?
0
Suppose 0 = -3*s - 2*v, s = 4*s + 5*v. Suppose -5*r - 2*j + 33 = s, 5 = -5*j - 0*j. Calculate the remainder when 47 is divided by r.
5
Let w = -177 - -313. What is the remainder when w is divided by 48?
40
Let p(g) be the second derivative of -g**4/12 - 11*g**3/6 - g**2/2 + 2*g. Let w = 30 + -39. What is the remainder when 49 is divided by p(w)?
15
Let k(y) = -y**2 - y + 1. Let g(h) = h**3 - 2*h**2 + 16*h - 15. Let q(c) = -g(c) - 6*k(c). Calculate the remainder when q(6) is divided by (2 + (-15)/9)*33.
10
Suppose 5*a - 8*a = -66. Let o = a + -20. Suppose 0 = o*j + 2*j - 52. Calculate the remainder when 38 is divided by j.
12
Let s(i) = -i**3 - 12*i**2 - 16*i - 10. Let q = -16 + 5. Let l be s(q). Suppose 0 = -15*v + 10*v + l. Calculate the remainder when 34 is divided by v.
7
Let n(s) = 8*s - 5. Let z(y) = 4*y - 2. Let q(m) = -3*n(m) + 5*z(m). Let p be q(10). Let a = -24 - p. What is the remainder when a is divided by 7?
4
Let g = 8 + 6. Let k = 21 - g. Suppose -4*z = -4*p - 40, -z + 4*p + 6 = 5. Calculate the remainder when z is divided by k.
6
Let l = -68 + 143. Let a = l + -48. Suppose v - 4 = 0, 2*k + 0*v - 3*v - 8 = 0. What is the remainder when a is divided by k?
7
Let w(f) = f**2 - 6*f + 12. Let j be w(4). Suppose -4*d + 119 + 62 = r, 112 = 3*d - j*r. What is the remainder when d is divided by 15?
14
Suppose 0 = 142*a - 3922 + 2722 - 4480. What is the remainder when a is divided by (5/(-2))/(3/(-30))?
15
Suppose -2*p + 6 = 4*a, 2*p - 5*p = -a - 37. Calculate the remainder when 61 is divided by p.
6
Let w = -197 + 237. Let y(i) = -3*i - 30. Calculate the remainder when w is divided by y(-14).
4
Let v = 6 + -8. Let s = -4 + v. Let w(n) = n**3 + 7*n**2 + 6*n + 6. What is the remainder when 17 is divided by w(s)?
5
Let h(c) = 7*c - 1. Let a be h(2). What is the remainder when 12 is divided by 37/a - (-10)/65?
0
Suppose -9*n = -6*n - 33. Let u = n - 17. Let g = u + 16. Calculate the remainder when g is divided by 4.
2
Let c = 29 - 15. Suppose 4*k + k = 0. Suppose w + 94 = 4*w + 5*n, 3*w - 5*n - 134 = k. What is the remainder when w is divided by c?
10
Suppose 4*i - 65 = -i. Suppose u + 0*u = 38. What is the remainder when u is divided by i?
12
Suppose -o + 153 = -4*v, -2*o - 5*v + 0*v = -306. What is the remainder when o is divided by 26?
23
Suppose -m = 3*m - 108. Suppose -33 = -3*w - 4*a, -5*w + 3*a = -6 - 20. What is the remainder when m is divided by w?
6
Let a be 30/(-4)*4/(-3). Suppose 4*t = -t + a. Suppose -2*w + 4*w + t*k - 14 = 0, -2*w - 14 = -5*k. What is the remainder when 9 is divided by w?
0
Suppose -4 = -a - 2. Suppose -a*q + 3*k + 48 = 0, 0*q - 3*q = 5*k - 110. Calculate the remainder when 119 is divided by q.
29
Suppose -235 = 25*s - 30*s. Suppose 25 + s = 9*j. Calculate the remainder when j is divided by 3.
2
Suppose -751 - 428 = -66*j + 273. Suppose 3*o = -0*o + 195. What is the remainder when o is divided by j?
21
Suppose 1340*o - 1363*o + 2967 = 0. What is the remainder when 418 is divided by o?
31
Suppose -2*x = x. Suppose x = 4*w + 2*s - 28, s = w + 4*s + 3. What is the remainder when 9 is divided by w/(-18)*2*-4?
1
Calculate the remainder when 4/22 - (-9828)/154 is divided by 24.
16
Suppose -2*l + 6 = l. Suppose 5*g + 0 = 10. Calculate the remainder when g is divided by l/(-8)*(0 - 8).
0
Let l(b) = -b**3 - 10*b**2 + 14*b - 13. Let j be l(-11). Let m = j - -73. What is the remainder when m is divided by 10?
7
Let r = 17 - -13. What is the remainder when 27 is divided by (r/9)/2*6?
7
Calculate the remainder when (59*(-2)/(-2))/1 is divided by -3*(274/(-42) + (-1)/7).
19
Suppose 34 = 3*b + 7. Suppose 41 + 55 = 2*v. Let z = -22 + v. Calculate the remainder when z is divided by b.
8
Let d(p) = p**3 - p**2 - p - 3. Let o be d(2). What is the remainder when 28 is divided by (-62)/(-8) - o/4?
4
Suppose 0 = 74*x + 15687 - 54019. What is the remainder when x is divided by 76?
62
Let h = -21 + 26. Suppose 3*i = 5*f + 50, -h*i - 2*f - f + 72 = 0. Calculate the remainder when i is divided by 9.
6
Let l = 27 - 61. Let y = l - -49. Calculate the remainder when 58 is divided by y.
13
Suppose -4*y - y = 5*i - 300, -5*y = 3*i - 306. Let k = y + -38. Calculate the remainder when k is divided by 14.
11
Let h(p) = -2*p**3 - p**2 - 5*p - 8. Calculate the remainder when 75 is divided by h(-2).
5
Let b = 7 + -12. Let i = b - -31. Calculate the remainder when 101 is divided by i.
23
Let j be ((-1)/(-2))/(4/48). What is the remainder when ((-87)/j + 0)/(2/(-24)) is divided by 25?
24
Let g = 625 - 597. What is the remainder when g is divided by 13?
2
Suppose 9*o = 10*o - 41. Calculate the remainder when 204 is divided by o.
40
Suppose -4*p + 5*k + 112 - 7 = 0, 5*k + 65 = 2*p. Let h = -5 + 9. What is the remainder when 13 is divided by p*(0 + 1/h)?
3
Let s(p) = -p**2 - 18*p - 9. Let m be s(-11). Suppose 3*h = h + o + 45, 0 = -3*h + o + m. Calculate the remainder when 87 is divided by h.
18
Suppose 0 = 2*q - q - 3*k - 33, 3*k - 39 = -3*q. Calculate the remainder when 66 is divided by q.
12
Let v(z) = -z + 15. Let x be v(7). Let i(l) = -l**2 + 8*l + 2. What is the remainder when 3 is divided by i(x)?
1
Suppose 0 = -4*k + 2*g + 2966, 4*g = -4*k - 850 + 3810. Calculate the remainder when k